of w(z). Give b(5).
-1
Let w(t) be the second derivative of t**4/12 + t**3 - 2*t**2 - 12*t + 3. Calculate w(-6).
-4
Let a(j) = -74 + 18 - 4*j + 77. Give a(8).
-11
Let v(c) = 2*c - 1. Let w be (-14)/(-2) + 1 + -9 + 9. Determine v(w).
15
Let y(d) be the third derivative of d**5/60 - 7*d**4/24 + d**3/3 + 2*d**2 - 2*d. What is y(7)?
2
Let g be 0 + (-36)/18*3/2. Let i(a) = -11*a. What is i(g)?
33
Let j(z) = -z**2 + 3*z - 5. Let i(g) = -g**2 + 5*g - 2. Let v = -11 + 16. Let w be i(v). Let t be (-30)/(-7) + w/7. Calculate j(t).
-9
Let p(w) = w**3 + 3*w**2 - 6. Let q be p(-2). Let i(v) = -9*v**2 - 2*v - 1. Calculate i(q).
-33
Suppose 5 = -2*w + 3. Let r = 2 - -1. Let m(h) = 2*h**3 + h**2 + h - 3*h + r*h + 1 + 3*h**3. Give m(w).
-4
Let h be (-52)/10*(-5)/2. Let x = 6 - h. Let g(n) = -n - 8. Give g(x).
-1
Suppose -4*b = -3*k + 21, -4*k + 16 = -4*b - 8. Let i(g) = 0 - 2*g - k + 9. Give i(6).
-6
Let w(m) = m**3 - 14*m**2 - 10*m - 69. Let q be w(15). Let g(d) = 4*d - 8. What is g(q)?
16
Let z(y) = -y**2 + 4*y - 1. Suppose -d - 4*d + 5 = 0. Suppose -5*o - d = -2*o + b, 3*o = 4*b + 4. Suppose -4*k + 2*h = -5*k + 9, 3*k - h - 13 = o. What is z(k)?
-6
Let p(b) = -2 + 5 + 1 - 3 + 3*b. Determine p(-3).
-8
Let k(z) = z**3 - 51*z**2 - 51*z - 57. Let h be k(52). Let o(b) be the first derivative of -2*b**3/3 - 4*b**2 - 3*b - 1. Give o(h).
-13
Let y(d) = 3 + 815*d - 419*d - 394*d. What is y(4)?
11
Let p(u) = -2*u**2 + 36*u + 11. Let x be p(17). Let a(v) = 58 - 93 + x - 2*v. Determine a(8).
-6
Let k(u) be the second derivative of u**5/20 - 7*u**4/12 - 11*u**3/6 + 13*u**2/2 + 10*u - 13. What is k(8)?
-11
Let m(b) = b**3 - 4*b**2 - 3*b + 5. Let i be -6*8/(-12) - -1. Calculate m(i).
15
Let n(t) be the second derivative of -t**4/12 + t**2/2 - t. Let k = 6 - 4. Suppose -10 = -2*b + 4*c, -3*c - 7 = -k*b - 0*b. Give n(b).
0
Let g = -25 - -27. Let c(w) = -78 + 76 - 3*w**g - 2*w**2 + w**3. What is c(5)?
-2
Let f(k) = k**3 - 1. Let q(b) = -4*b**3 + 5*b**2 + 6*b + 6. Let u(c) = 5*f(c) + q(c). Suppose -d + 6*d = 0. Suppose 3*s + 3 + 9 = d. Calculate u(s).
-7
Let v(w) be the first derivative of -3*w**4/2 - 4*w**3/3 - 2*w**2 - 3*w + 71. Calculate v(-2).
37
Suppose 207 = 13*h + 103. Suppose 5*p + 13 = 73. Let g(x) = p*x - 2*x - 2 - h*x - 3*x. What is g(-4)?
2
Suppose -4*x = 5*b - 2, 2*b - 5*x = 31 - 17. Let u(r) = 4*r + 1 - r + 1. Give u(b).
8
Let x(u) = u**2 - 5*u + 7. Suppose -z - 2*z = -4*g + 43, -z = -g + 11. Let q(t) = t - 4. Let r be q(g). What is x(r)?
13
Suppose 5*a - 29 = 5*l + 16, 4*a - 39 = 5*l. Suppose 23*b + 28 - 97 = 0. Let p(f) = -3*f**2 - 12 - 3*f**2 + 14 - 2*f + f**b + 1. What is p(a)?
-9
Let f(k) = -k**2 + 5*k + 6. Suppose -h = 4*d - 41, -h - 5*d - 5 + 48 = 0. Suppose 3*r - 57 = h. Suppose 8*p = 2*p + r. Determine f(p).
6
Let j(x) = 4*x - 3 - 34 + 26. Give j(5).
9
Let l(r) = r + 6. Let c(g) = -5*g - 11. Let w(y) = 6*y + 11. Let o(n) = -3*c(n) - 2*w(n). Let s(h) = 7*l(h) - 3*o(h). Calculate s(6).
-3
Let p be (-4 - -1)*(-3)/15*-5. Let h(b) = 4*b**2 + b - 1. Determine h(p).
32
Let d(s) = 6*s - 3*s - 4*s + 13*s. Determine d(2).
24
Let v(u) = u**3 + 8*u**2 + 4. Let a be v(-8). Let q = a - 1. Let f(j) = -j - 4. Calculate f(q).
-7
Let u(r) = -20*r - 17*r + 29*r. Determine u(-3).
24
Let b(w) = 803*w**2 - 3*w + 5*w + 807*w**2 - 1605*w**2. Calculate b(-2).
16
Let u(f) = -f**3 - 21*f**2 - 7*f - 5. Let x(k) = 3*k**3 + 60*k**2 + 21*k + 15. Let q(h) = 11*u(h) + 4*x(h). Give q(-8).
13
Suppose 0 = -2*u + 5*w - 37, w - 5*w = -3*u - 38. Let x(h) = -6*h - h**2 - 3*h + 0*h + 0*h - 4. Calculate x(u).
14
Let u(i) = -8*i + 3. Let v be 3/3*(2 - 0 - 3). Let x(w) = -w + 1. Let s(b) = v*u(b) + 6*x(b). Calculate s(-4).
-5
Let s(l) be the second derivative of 0 + l**3 - 2*l**2 - 15*l + 1/12*l**4. What is s(-5)?
-9
Let x(b) be the first derivative of -19*b**2/2 + 43. What is x(2)?
-38
Let l(n) = 7*n**2 - n + 3. Let p = 32 + -16. Let d(o) = 17*o + 1 - 2 - p*o + o**2. Let c(z) = 6*d(z) - l(z). Calculate c(7).
-9
Let y(t) be the first derivative of -45 - 4*t + 1/2*t**2 + t**3 - 1/4*t**4. Give y(3).
-1
Let y(b) = 6*b - 4. Let g be y(1). Let j(w) = 3*w - g*w - 2*w. What is j(1)?
-1
Let r be 280/40 + -5 + 0. Let m(z) be the first derivative of -1/3*z**3 - 4*z**r - 4*z + 10. Calculate m(-4).
12
Let s(l) = 5*l + 4. Let g(p) = -3*p - 2. Let n(v) = 7*g(v) + 4*s(v). Let y be n(1). Let x(o) = -17*o**3 + o - 1. Determine x(y).
-17
Let p(q) be the third derivative of -q**6/120 - q**5/20 + 5*q**4/24 + q**3 - q**2. Let x be ((-40)/(-15))/(((-84)/18)/7). Give p(x).
2
Suppose 24 = o + 3*o. Let h(w) = 0*w**2 - 6*w**2 + 16*w**2 - 8*w + 8 - 9*w**2. Calculate h(o).
-4
Suppose 0*b - x = -2*b + 14, -3*b = 5*x + 5. Let o(d) = -d**3 + 6*d**2 - d + 1. What is o(b)?
21
Let h = 2981 + -2974. Let m(v) = v**2 - 11*v. Determine m(h).
-28
Suppose 2*a = -3*m + 16, 0 = 4*a - 4*m + 11 - 3. Let v(w) = -18*w - 94*w + 2 + 111*w. What is v(a)?
0
Let a(d) = -2*d + d + 2*d**2 - d + 1. Let f = 30 - 25. Suppose -4*y - n = -6, -5 = -f*y - n + 2. Calculate a(y).
1
Let k(t) = -t - 2. Suppose -2*x - 3*w + 11 = 0, 2*w = -4*x - 0*x + 18. Suppose 4*u + d - 15 = 0, 0*u + 5*u = d + 21. Let l = u - x. Calculate k(l).
-2
Let g(h) = 2*h. Let z(d) = 7*d - 13. Let j(b) = -4*g(b) + z(b). What is j(-18)?
5
Let u(i) be the third derivative of -i**6/120 + 3*i**5/20 + i**4/2 - 4*i**3 + 188*i**2 + 2*i. Calculate u(10).
-4
Let f = 17 + -8. Suppose 0 = -b + 5*x - 19, -b - x - x + f = 0. Let a(o) = -18*o. Let y(d) = 5*d. Let q(c) = 2*a(c) + 9*y(c). Give q(b).
9
Let t(y) = y**2 + y - 4. Suppose 10 = -4*g + 2*v, 2*g - 5*v - 64 = -65. Calculate t(g).
2
Suppose c = 5*b + 1 - 25, 4*b = 16. Let r(j) = j**3 + 5*j**2 + 4*j + 2. What is r(c)?
2
Let l(w) = 3*w**3 + 3*w**2 + 4*w + 4. Let d(c) = -c**2 - c - 1. Let n(z) = 4*d(z) + l(z). Suppose 18 = -26*b - 8. Give n(b).
-4
Let g be 310/1680 + (-3)/21. Let s(i) be the third derivative of -2*i**2 + 0 + 7/6*i**3 + g*i**4 + 1/60*i**5 + 0*i. Calculate s(0).
7
Let g(u) = 11*u**3 - 7*u**2 - 7*u - 14. Let t(f) = 5*f**3 - 4*f**2 - 4*f - 7. Let z(q) = -4*g(q) + 9*t(q). Give z(9).
2
Let l = -4 - 0. Let c be (-92)/(-69) - l/6. Let q be c/(-1) + 2/(-2). Let o(d) = 2*d**2 + 5*d + 4. Give o(q).
7
Let v(c) = -72*c + 71*c + 1 + 3 + 2. Let u = 16 - 21. Calculate v(u).
11
Let d(r) = r**3 - 22*r**2 + 58*r - 21. Let x be d(19). Let v(g) = -2 + 5 - 4 - 2*g - 2*g**2. What is v(x)?
-5
Let g(z) = 2*z**2 + 6*z + 13. Let m(f) = 3*f**2 + 9*f + 19. Let x(l) = -8*g(l) + 5*m(l). Let s(p) be the first derivative of x(p). Give s(-3).
3
Suppose -3*m - 10 = -7. Let k(h) be the first derivative of h**2 - 4*h + 6. Let c(a) = 2*a - 5. Let o(l) = 4*c(l) - 5*k(l). Determine o(m).
2
Let a be (1/3)/((-2)/(-6)). Let q(i) = 5*i + 23. Let h be q(-5). Let d = h - a. Let g(s) = s**3 + 2*s**2 - 3*s - 1. What is g(d)?
-1
Suppose 2*u - 4 = u. Let w(x) = -u - 8*x + 8 + 0*x**2 + 5 - x**2. What is w(-9)?
0
Suppose -z - 29 = 3*l, 4*z - 184*l + 180*l = -36. Let c(i) = -i**2 - 13*i + 1. What is c(z)?
-13
Let z(q) = -6*q**2 - q + 3*q + 3*q**2 - 2 + q - q**3. Let j = -1023 + 1020. What is z(j)?
-11
Let r(s) = -365 - s**3 + 177 - 6*s**2 - 10*s + 190 + 16*s**2. Determine r(9).
-7
Let n(g) be the first derivative of g**4/4 + 2*g**3 + 5*g**2/2 - 12. Let o be n(-6). Let j = o - -26. Let q(c) = -c**3 - 5*c**2 - 2*c. Determine q(j).
-8
Suppose 2*a + 10 = -3*a. Let h be (5/5)/(a/4). Let l(x) = 2 - 2*x + 0 + x**2 - 5*x**2. Give l(h).
-10
Let j(p) be the second derivative of p**5/4 + p**4/6 - p**3/6 + 2*p. Let g = -101 + 102. Determine j(g).
6
Let r(n) = n**3 - 6*n - 4. Let m be r(3). Let i(w) be the third derivative of 0*w - 1/24*w**4 + 7/6*w**3 + 0 - 2*w**2. What is i(m)?
2
Let w(d) = d - 10*d - 19*d + 27*d. Let y(z) = 6*z**2 - z. Let l be y(2). Suppose 3*r - 4*r + 5*a = -l, 3*r = -2*a - 2. What is w(r)?
-2
Let l(a) = -4*a**2 - 28*a - 22. Let y be l(-6). Let o(f) = -2*f**3 - 3*f**2 + 2*f - 3. Give o(y).
-27
Let i(v) = v**3 - 4*v**2 + 4*v - 1. Let n = 1 - 26. Let t = -59 + 87. Let z = t + n. Give i(z).
2
Let y(x) = -x - 4. Let p(b) = b - 2. Let m(u) = 2*u - 5. Let t(o) = -2*m(o) + 5*p(o). Suppose 2 = 3*s + 5. Let d(i) = s*y(i) + 2*t(i). Calculate d(-4).
-8
Suppose 29 = o + 27. Let w(r) be the first derivative of r**6/60 - r**5/15 + r**4/12 + r**3/6 - r**2 + 9. Let a(q) be the second